d be v(2). Let k = -121 + 120. Let q = d + k. What is the units digit of q?
7
Let n = -35 + -29. Let b be (-2)/3 + n/(-6). What is the units digit of 34/b + 12/(-30)?
3
Let t be (-2 - 0) + 14/2. Suppose 0 = t*k + 23 - 83. Suppose 4*m + k + 60 = 4*x, -3*x = m - 70. What is the tens digit of x?
2
Let k = 515 + -296. What is the units digit of k?
9
Let f = 23 + -15. Suppose 4*r = -j + 72, -56 = -4*r - 3*j + f. Suppose -3*s + 20 = -r. What is the tens digit of s?
1
Let b = 635 + -311. Suppose 0*q - b = -4*q. What is the tens digit of q?
8
Let d(a) = -586*a + 44. What is the units digit of d(-1)?
0
Suppose 5*z - 20 = -0*z. Suppose 16 = z*p - 0*p, -5*p = 4*j - 492. What is the tens digit of j?
1
Suppose 2*g - 8 = 5*z, 0*g + 5*z - 12 = -3*g. Suppose y - 120 = -g*y. Suppose 4*d + 4 - y = 0. What is the units digit of d?
5
Let z = 162 + -36. What is the tens digit of z?
2
Suppose 7*t + 400 = 3*t. What is the units digit of t/(-45) - (-8)/(-36)?
2
Suppose -3*p - n = 2*n, n = 0. Let z be p - 4/(-8)*6. Suppose 6*t + 3*k = t + 88, z*t = -4*k + 44. What is the tens digit of t?
2
Let n(t) = -t - 4. Let h be n(-3). Let v = h - -9. What is the units digit of 2/(v/(-14))*-2?
7
Let z be 3/(-3) - (2 + -210). What is the units digit of (21/(-9))/(-7)*z?
9
Let h(b) = -b**2 - 80*b + 115. What is the tens digit of h(-35)?
9
Let z be ((-2)/5)/((-3)/105). Let t = 34 - z. Let p = t + 13. What is the units digit of p?
3
Suppose 0 = 24*t + 2290 - 12250. What is the tens digit of t?
1
Suppose -4*l + 2*l = 3*m - 41, 99 = 3*l - 3*m. Suppose l + 26 = -3*u. What is the tens digit of (u/4)/((-1)/8)?
3
What is the tens digit of (-1045)/(-220)*8*13?
9
Let s = -9 - -16. Suppose -s*a = -4*a. Suppose a*p = -3*p + 6. What is the units digit of p?
2
Let f(j) = -27*j + 41. What is the hundreds digit of f(-4)?
1
Suppose 15*c = 12*c + 9. Suppose -c*q - 2*f + 53 = 2*f, q + 5*f = 14. Suppose -3*h - 4*o = -7*h + 92, h - q = 3*o. What is the units digit of h?
5
Let h(m) = 363*m**2 - 4*m + 15. What is the tens digit of h(3)?
7
Suppose -5*w + 12 = -y, w - 3 = -0. Suppose 0 = -2*q + 3*q - y. Suppose q = -3*n, 14 = c - 0*n + 4*n. What is the units digit of c?
8
Suppose 0 = -34*c + 26*c + 7464. What is the hundreds digit of c?
9
Suppose -4*n + 5*g + 2944 = 0, 3*g - 8*g - 1472 = -2*n. What is the hundreds digit of n?
7
Let c(a) = 2*a**2 - 12*a - 35. Let v be c(11). What is the tens digit of v*(-9 + 5 + 5)?
7
Suppose 4*v - 10 = -26. Let z be 6*v/8 - -8. Suppose 276 = 4*k + z*b + 42, 3*k - 4*b - 160 = 0. What is the units digit of k?
6
Let j = 659 - 668. Let u(g) = -g**3 - g. Let k(o) = 12*o**2 + 20*o - 3. Let x(v) = k(v) - u(v). What is the units digit of x(j)?
1
Let l be (1 - 7)*(-24)/9. What is the tens digit of ((-196)/l)/(39/(-12) - -3)?
4
Let n be 2 + 0 - (5 + -4). Let s be -14 + 1 - n*3. What is the tens digit of (-2)/8 - 260/s?
1
Let o = 93 + 9. Suppose 0 = 3*b - 3*j - o, -j = -2*b + 4*j + 59. What is the units digit of b?
7
Suppose 0 = -k - 2*v + 878, 0*v + 3*v + 2643 = 3*k. What is the hundreds digit of k?
8
Let f(v) be the first derivative of -v**3/3 - 3*v**2/2 + v + 8. What is the units digit of f(-3)?
1
Let g(m) = -m**3 - 43*m**2 - 7*m + 120. What is the hundreds digit of g(-44)?
3
Let h(g) = -g - 20. Let l be -1*12 + (7 - 7). Let m be h(l). What is the units digit of (3 + m + -2)*-2?
4
Suppose 232 = -3*j - 5*d, -4*j - 2*d = -0*d + 300. Let b = 130 + j. What is the units digit of b?
6
Let d(f) = f**2 + 15*f + 59. Let p be d(-6). Suppose 0 = p*k + 3*t - 399, 4*k - 14 - 292 = 2*t. What is the units digit of k?
8
Let h(y) = y**2 - 11*y + 5. Let d be h(10). Let k = d + 11. Suppose 0 = -u - 0*u + k. What is the units digit of u?
6
Let j be (-3 - 20/(-7)) + 1788/21. Suppose j*h = 81*h + 284. What is the units digit of h?
1
Let i(w) = -w**2 - 3*w. Let f be i(-2). Suppose -83 = -4*n - 5*o, f*n + 5*o - 2 = 27. Suppose -4*u + 3*q = -121 + n, 5*q + 10 = 0. What is the tens digit of u?
2
Let g = -1247 - -3485. What is the tens digit of g?
3
Suppose 2*l - b = 3*b + 2794, 4*l - 5628 = -2*b. What is the tens digit of l?
0
What is the tens digit of (-4)/11 - 412456/(-242)?
0
Let s(i) = 4*i**2 + 38*i + 296. What is the thousands digit of s(-24)?
1
Let r(b) = -27 + 56*b**3 + 52*b**3 - 109*b**3 + 18*b**2 + 2*b. Let n = -33 - -51. What is the units digit of r(n)?
9
Suppose -3*l = -10 - 35. Let v = l + 5. Let f = -13 + v. What is the units digit of f?
7
Let j = 129 - 126. Suppose -j*z - 228 = -5*z. What is the hundreds digit of z?
1
Let p(v) = -2*v**2 + 14*v - 8. Suppose 18 = -i + 4*i. Let b be p(i). Suppose -r = -b*r - j + 13, j = -5. What is the units digit of r?
6
Let v(s) = -5*s**3 + 0*s**3 + 10*s**2 + s + 0*s**3 + 5 + 4*s**3. Let b be v(8). Suppose y - b = -3*y + 3*z, 5*z = -2*y + 77. What is the tens digit of y?
3
Suppose -466 = -5*v + 424. Suppose 3*c - 890 = -5*g, -5*g = -6*g + c + v. What is the units digit of g?
8
Let q be 1*(-6 - -2) + 110. Suppose -2*i - t = -q, 5*t + 85 = 3*i - 87. What is the units digit of i?
4
Let v be ((-24)/(-16))/((-1)/(-308)). What is the tens digit of (v/4)/((-27)/(-36))?
5
Suppose 2586 = 7*y - 4204. What is the units digit of y?
0
Suppose d - 371 = 761. What is the tens digit of d?
3
Suppose 4*n - 5922 = -3*c, -8*c - 4431 = -3*n - 5*c. What is the units digit of n?
9
Suppose -3*o - 3*z = -12, -o - 14 = -2*z - 3. Let l(i) be the third derivative of -53*i**4/24 + i**3/3 + 3*i**2. What is the units digit of l(o)?
5
Suppose 0*q - 188 = -2*s + 2*q, 0 = 3*s + 2*q - 272. Suppose -5*n - s = -9*n. Suppose 0 = g - 4 - n. What is the units digit of g?
7
Let b = -36 + 40. What is the units digit of 47/(-1)*(b - 5)?
7
Suppose -2*o - 4*f + 506 = -1566, 7*o - 3*f = 7320. What is the tens digit of o?
4
Let y = -1054 - -748. Let j be y/(-11) - (-2)/11. What is the units digit of 14/(-4)*j/(-49)?
2
Let j = -295 + 161. Let p = j + 90. What is the units digit of p/12*(1 - 4)?
1
Suppose 29368 = 37*f - 22062. What is the thousands digit of f?
1
Let w(u) = -5*u + 3. Let a be w(-6). Suppose 0 = 4*f - f - a. Let t = 46 - f. What is the tens digit of t?
3
Let v = 4530 - -882. What is the hundreds digit of v?
4
Let o = 3156 - 1434. What is the thousands digit of o?
1
Suppose -5*f = -4*u + 7, u + 8 = -0*u - 2*f. Let m be (u - -5) + 4 + -6. Suppose -3*n - m = -49. What is the tens digit of n?
1
Suppose 3*t - 3*r = 15738, -3*t - t + 2*r = -20978. What is the units digit of t?
3
Suppose -4*t = -0*t. Suppose t = -m - 2*m. Suppose -5*c + 5 + 22 = 3*n, -3*c + 3*n - 3 = m. What is the units digit of c?
3
Let z be (5/((-20)/(-24)))/(-1). Let l(r) = 3*r**2 + 6*r - 7. Let y be l(z). Suppose -5*m + 230 = y. What is the tens digit of m?
3
Suppose 34 = 4*o + 14. Let r(b) = 5*b**2 - 3*b + 11. What is the tens digit of r(o)?
2
Suppose 12*d = 16*d - 52. Suppose 19*h = d*h + 594. What is the tens digit of h?
9
Suppose -3721 = -2*c + 96*b - 99*b, 0 = -5*c - b + 9309. What is the tens digit of c?
6
Let q(j) = 27*j**2 - 7*j + 18. What is the tens digit of q(6)?
4
Let y(z) = -2*z**3 + z**3 + 8*z**2 + 6*z + 0 + 8. Let c(j) = j**2 + j - 4. Let t be c(3). What is the units digit of y(t)?
6
Let m = -3830 - -7791. What is the tens digit of m?
6
Suppose w + 5*z - 302 = 0, -z = -5*w - 5*z + 1468. Suppose -11*x - w = -15*x. What is the units digit of x?
3
Let v be ((-6)/(-8))/(((-30)/1608)/(-5)). Suppose -3*g = 3*o - 489, -o - 38 = -3*g - v. What is the tens digit of o?
6
Let h be (3*(-30)/9)/(-2*1). Suppose 96 = 4*l - 2*l + 3*m, 5*l - h*m - 290 = 0. What is the units digit of l?
4
Let z = 67 - 67. Let i(u) = u**2 - 2*u + 66. What is the tens digit of i(z)?
6
Let a(b) = 3*b**2 + 6*b**3 - 11 + 4*b**2 - 4*b - 7*b**3 + 17*b. What is the tens digit of a(8)?
2
Let c(d) = -d**2 - 57*d + 78. What is the units digit of c(-26)?
4
Suppose 15039 = -11*r + 71667. What is the hundreds digit of r?
1
Suppose 20 = 6*b - 4. Suppose -4*m + 3*z = -316, -23 = 2*m + b*z - 203. What is the units digit of m?
2
Let b(v) = v**2 + 21*v + 1. Let y(q) = -q + 1. Let g(o) = b(o) + 3*y(o). What is the tens digit of g(-22)?
9
Suppose -6*c + 29 = -43. Suppose c*w = 10*w + 204. What is the units digit of w?
2
Let p(n) = -n**3 - 27*n**2 - 11*n + 19. What is the hundreds digit of p(-27)?
3
Suppose 0 = -4*i + b - 0 - 10, -4*b = -3*i - 14. Let a be (i + 0)*